
{"id":31551,"date":"2022-08-05T13:07:03","date_gmt":"2022-08-05T11:07:03","guid":{"rendered":"https:\/\/www.sporting-women.de\/womens-bike-camp\/?page_id=31551"},"modified":"2025-11-17T10:34:35","modified_gmt":"2025-11-17T09:34:35","slug":"teilnehmervoraussetzungen","status":"publish","type":"page","link":"https:\/\/www.sporting-women.de\/womens-bike-camp\/teilnehmervoraussetzungen\/","title":{"rendered":"Teilnehmervoraussetzungen"},"content":{"rendered":"\t\t<div data-elementor-type=\"wp-page\" data-elementor-id=\"31551\" class=\"elementor elementor-31551\" data-elementor-post-type=\"page\">\n\t\t\t\t\t\t<section class=\"elementor-section elementor-top-section elementor-element elementor-element-d972bc4 elementor-section-boxed elementor-section-height-default elementor-section-height-default\" data-id=\"d972bc4\" data-element_type=\"section\" data-e-type=\"section\">\n\t\t\t\t\t\t<div class=\"elementor-container elementor-column-gap-default\">\n\t\t\t\t\t<div class=\"elementor-column elementor-col-100 elementor-top-column elementor-element elementor-element-651b827\" data-id=\"651b827\" data-element_type=\"column\" data-e-type=\"column\">\n\t\t\t<div class=\"elementor-widget-wrap elementor-element-populated\">\n\t\t\t\t\t\t<div class=\"elementor-element elementor-element-7854858 elementor-widget elementor-widget-heading\" data-id=\"7854858\" data-element_type=\"widget\" data-e-type=\"widget\" data-widget_type=\"heading.default\">\n\t\t\t\t<div class=\"elementor-widget-container\">\n\t\t\t\t\t<h2 class=\"elementor-heading-title elementor-size-default\">Teilnahmevoraussetzungen<\/h2>\t\t\t\t<\/div>\n\t\t\t\t<\/div>\n\t\t\t\t\t<\/div>\n\t\t<\/div>\n\t\t\t\t\t<\/div>\n\t\t<\/section>\n\t\t\t\t<section class=\"elementor-section elementor-top-section elementor-element elementor-element-697cbab elementor-section-boxed elementor-section-height-default elementor-section-height-default\" data-id=\"697cbab\" data-element_type=\"section\" data-e-type=\"section\">\n\t\t\t\t\t\t<div class=\"elementor-container elementor-column-gap-default\">\n\t\t\t\t\t<div class=\"elementor-column elementor-col-100 elementor-top-column elementor-element elementor-element-1f88dc2\" data-id=\"1f88dc2\" data-element_type=\"column\" data-e-type=\"column\">\n\t\t\t<div class=\"elementor-widget-wrap elementor-element-populated\">\n\t\t\t\t\t\t<div class=\"elementor-element elementor-element-dd47b69 elementor-widget elementor-widget-text-editor\" data-id=\"dd47b69\" data-element_type=\"widget\" data-e-type=\"widget\" data-widget_type=\"text-editor.default\">\n\t\t\t\t<div class=\"elementor-widget-container\">\n\t\t\t\t\t\t\t\t\t<p>Damit du am Women\u2019s Bike Camp am Reschensee teilnehmen kannst, m\u00fcssen folgende Teilnahmevoraussetzungen gegeben sein:<\/p>\t\t\t\t\t\t\t\t<\/div>\n\t\t\t\t<\/div>\n\t\t\t\t<div class=\"elementor-element elementor-element-16d4443 elementor-widget elementor-widget-text-editor\" data-id=\"16d4443\" data-element_type=\"widget\" data-e-type=\"widget\" data-widget_type=\"text-editor.default\">\n\t\t\t\t<div class=\"elementor-widget-container\">\n\t\t\t\t\t\t\t\t\t<ul><li>Bitte bringe <strong>dein eigenes Material<\/strong> mit. F\u00fcr die Teilnahme an den Women\u2019s Bike Camps ist ein (E-)<strong>Fully<\/strong>-Mountainbike unabdingbar. Testmaterial unserer<span style=\"color: #49abaf\"> <a style=\"color: #49abaf\" href=\"https:\/\/www.sporting-women.de\/womens-bike-camp\/partner\/\" target=\"_blank\" rel=\"noopener\">Partner<\/a> <\/span>steht nur bedingt zur Verf\u00fcgung und wir k\u00f6nnen nicht gew\u00e4hrleisten, dass dies f\u00fcr alle Camptage ausreichend zur Verf\u00fcgung steht. Solltest du kein eigenes Material haben, kannst du dies gerne vor Ort gegen Geb\u00fchr bei einem H\u00e4ndler leihen<\/li><li>Mitbringen von erster Trail-Flow-Erfahrung, sicheres Gef\u00fchl auf &amp; mit dem (E-)Fully-Mountainbike<strong><br \/><\/strong><\/li><li>Eine gewisse, konditionelle Grundfitness. Auch wenn wir schwerpunktm\u00e4ssig nach oben shuttlen, wird es immer wieder Passagen zum aktiven Selbstreten geben.<\/li><\/ul>\t\t\t\t\t\t\t\t<\/div>\n\t\t\t\t<\/div>\n\t\t\t\t<div class=\"elementor-element elementor-element-cd3e758 elementor-widget elementor-widget-heading\" data-id=\"cd3e758\" data-element_type=\"widget\" data-e-type=\"widget\" data-widget_type=\"heading.default\">\n\t\t\t\t<div class=\"elementor-widget-container\">\n\t\t\t\t\t<h2 class=\"elementor-heading-title elementor-size-medium\">Unsere Leistungsgruppen beim WBC<\/h2>\t\t\t\t<\/div>\n\t\t\t\t<\/div>\n\t\t\t\t<section class=\"elementor-section elementor-inner-section elementor-element elementor-element-c389a60 elementor-section-boxed elementor-section-height-default elementor-section-height-default\" data-id=\"c389a60\" data-element_type=\"section\" data-e-type=\"section\">\n\t\t\t\t\t\t<div class=\"elementor-container elementor-column-gap-default\">\n\t\t\t\t\t<div class=\"elementor-column elementor-col-50 elementor-inner-column elementor-element elementor-element-0e0432f\" data-id=\"0e0432f\" data-element_type=\"column\" data-e-type=\"column\">\n\t\t\t<div class=\"elementor-widget-wrap elementor-element-populated\">\n\t\t\t\t\t\t<div class=\"elementor-element elementor-element-b29ee51 elementor-widget elementor-widget-text-editor\" data-id=\"b29ee51\" data-element_type=\"widget\" data-e-type=\"widget\" data-widget_type=\"text-editor.default\">\n\t\t\t\t<div class=\"elementor-widget-container\">\n\t\t\t\t\t\t\t\t\t<p><strong>Niveau Level 1:<\/strong><\/p><p>Wir besch\u00e4ftigen uns mit der Grundposition auf dem Bike, beantworten alle Fragen rund um \u201eMy Bike &amp; Me\u201c, lernen richtige Blickf\u00fchrung, Technikthemen (leicht \u2013 S0\/S1)*<\/p>\t\t\t\t\t\t\t\t<\/div>\n\t\t\t\t<\/div>\n\t\t\t\t<div class=\"elementor-element elementor-element-716d347 elementor-widget__width-initial elementor-widget elementor-widget-text-editor\" data-id=\"716d347\" data-element_type=\"widget\" data-e-type=\"widget\" data-widget_type=\"text-editor.default\">\n\t\t\t\t<div class=\"elementor-widget-container\">\n\t\t\t\t\t\t\t\t\t<p><strong>Niveau Level 3:<\/strong><\/p><p>Wir sind flotter unterwegs als Level 2 und gefestigt in der Kurventechnik. Dar\u00fcber hinaus wagen wir uns an schwarze Trails (mittel bis schwer \u2013 S2\/S3)*.<\/p>\t\t\t\t\t\t\t\t<\/div>\n\t\t\t\t<\/div>\n\t\t\t\t\t<\/div>\n\t\t<\/div>\n\t\t\t\t<div class=\"elementor-column elementor-col-50 elementor-inner-column elementor-element elementor-element-51dc153\" data-id=\"51dc153\" data-element_type=\"column\" data-e-type=\"column\">\n\t\t\t<div class=\"elementor-widget-wrap elementor-element-populated\">\n\t\t\t\t\t\t<div class=\"elementor-element elementor-element-b64100b elementor-widget__width-initial elementor-widget elementor-widget-text-editor\" data-id=\"b64100b\" data-element_type=\"widget\" data-e-type=\"widget\" data-widget_type=\"text-editor.default\">\n\t\t\t\t<div class=\"elementor-widget-container\">\n\t\t\t\t\t\t\t\t\t<p><strong>Niveau Level 2:<\/strong><\/p><p>Neben den Inhalten, die in der Gruppe A vermittelt werden, haben wir ein wenig mehr Tempo auf den Trails, \u00fcben intensiv unsere Kurventechnik und wagen uns gemeinsam an rote und ggf. schwarze Trails (mittel &#8211; S2)*.<\/p>\t\t\t\t\t\t\t\t<\/div>\n\t\t\t\t<\/div>\n\t\t\t\t<div class=\"elementor-element elementor-element-d39d546 elementor-widget elementor-widget-spacer\" data-id=\"d39d546\" data-element_type=\"widget\" data-e-type=\"widget\" data-widget_type=\"spacer.default\">\n\t\t\t\t<div class=\"elementor-widget-container\">\n\t\t\t\t\t\t\t<div class=\"elementor-spacer\">\n\t\t\t<div class=\"elementor-spacer-inner\"><\/div>\n\t\t<\/div>\n\t\t\t\t\t\t<\/div>\n\t\t\t\t<\/div>\n\t\t\t\t<div class=\"elementor-element elementor-element-a4ee144 elementor-widget elementor-widget-text-editor\" data-id=\"a4ee144\" data-element_type=\"widget\" data-e-type=\"widget\" data-widget_type=\"text-editor.default\">\n\t\t\t\t<div class=\"elementor-widget-container\">\n\t\t\t\t\t\t\t\t\t<p><strong>Niveau Level 4:<\/strong><\/p><p>Unser Motto lautet: \u201eBock auf Ballern\u201c, wir meistern auch die kniffeligen Trails &amp; Linienf\u00fchrung in unserer ambitionierten Gruppe. Wir fahren die Trails des Level 3 \u2013 flott und mit einer anderen Linienf\u00fchrung (schwer \u2013 S2\/S3 -S4 bei Bedarf)*.<\/p>\t\t\t\t\t\t\t\t<\/div>\n\t\t\t\t<\/div>\n\t\t\t\t\t<\/div>\n\t\t<\/div>\n\t\t\t\t\t<\/div>\n\t\t<\/section>\n\t\t\t\t<div class=\"elementor-element elementor-element-6b9c003 elementor-widget__width-initial elementor-widget elementor-widget-text-editor\" data-id=\"6b9c003\" data-element_type=\"widget\" data-e-type=\"widget\" data-widget_type=\"text-editor.default\">\n\t\t\t\t<div class=\"elementor-widget-container\">\n\t\t\t\t\t\t\t\t\t<p><strong>Wichtiger Hinweis: In jedem Level wird es nochmals bei Bedarf Variationen geben: langsam \u2013 mittel \u2013 schnell.<\/strong> Wir haben viele motivierte Guides am Start!<\/p>\t\t\t\t\t\t\t\t<\/div>\n\t\t\t\t<\/div>\n\t\t\t\t<div class=\"elementor-element elementor-element-c17fd57 elementor-widget elementor-widget-text-editor\" data-id=\"c17fd57\" data-element_type=\"widget\" data-e-type=\"widget\" data-widget_type=\"text-editor.default\">\n\t\t\t\t<div class=\"elementor-widget-container\">\n\t\t\t\t\t\t\t\t\t<p><span style=\"color: #454545\">*Quelle:<\/span> <span style=\"color: #49abaf\"><a style=\"color: #49abaf\" href=\"http:\/\/www.singletrail-skala.de\" target=\"_blank\" rel=\"noopener\">http:\/\/www.singletrail-skala.de<\/a><\/span><\/p>\t\t\t\t\t\t\t\t<\/div>\n\t\t\t\t<\/div>\n\t\t\t\t<div class=\"elementor-element elementor-element-720903f elementor-align-center elementor-widget elementor-widget-button\" data-id=\"720903f\" data-element_type=\"widget\" data-e-type=\"widget\" data-widget_type=\"button.default\">\n\t\t\t\t<div class=\"elementor-widget-container\">\n\t\t\t\t\t\t\t\t\t<div class=\"elementor-button-wrapper\">\n\t\t\t\t\t<a class=\"elementor-button elementor-button-link elementor-size-sm\" href=\"https:\/\/www.sporting-women.de\/womens-bike-camp\/anmeldung\/\">\n\t\t\t\t\t\t<span class=\"elementor-button-content-wrapper\">\n\t\t\t\t\t\t\t\t\t<span class=\"elementor-button-text\">Hier geht\u00b4s zur Anmeldung<\/span>\n\t\t\t\t\t<\/span>\n\t\t\t\t\t<\/a>\n\t\t\t\t<\/div>\n\t\t\t\t\t\t\t\t<\/div>\n\t\t\t\t<\/div>\n\t\t\t\t\t<\/div>\n\t\t<\/div>\n\t\t\t\t\t<\/div>\n\t\t<\/section>\n\t\t\t\t<section class=\"elementor-section elementor-top-section elementor-element elementor-element-79a08ce elementor-section-boxed elementor-section-height-default elementor-section-height-default\" data-id=\"79a08ce\" data-element_type=\"section\" data-e-type=\"section\">\n\t\t\t\t\t\t<div class=\"elementor-container elementor-column-gap-default\">\n\t\t\t\t\t<div class=\"elementor-column elementor-col-100 elementor-top-column elementor-element elementor-element-1134a28\" data-id=\"1134a28\" data-element_type=\"column\" data-e-type=\"column\">\n\t\t\t<div class=\"elementor-widget-wrap elementor-element-populated\">\n\t\t\t\t\t\t<div class=\"elementor-element elementor-element-b4275e7 elementor-widget elementor-widget-spacer\" data-id=\"b4275e7\" data-element_type=\"widget\" data-e-type=\"widget\" data-widget_type=\"spacer.default\">\n\t\t\t\t<div class=\"elementor-widget-container\">\n\t\t\t\t\t\t\t<div class=\"elementor-spacer\">\n\t\t\t<div class=\"elementor-spacer-inner\"><\/div>\n\t\t<\/div>\n\t\t\t\t\t\t<\/div>\n\t\t\t\t<\/div>\n\t\t\t\t\t<\/div>\n\t\t<\/div>\n\t\t\t\t\t<\/div>\n\t\t<\/section>\n\t\t\t\t<\/div>\n\t\t","protected":false},"excerpt":{"rendered":"<p>Teilnahmevoraussetzungen Damit du am Women\u2019s Bike Camp am Reschensee teilnehmen kannst, m\u00fcssen folgende Teilnahmevoraussetzungen gegeben sein: Bitte bringe dein eigenes Material mit. F\u00fcr die Teilnahme an den Women\u2019s Bike Camps ist ein (E-)Fully-Mountainbike unabdingbar. Testmaterial unserer Partner steht nur bedingt zur Verf\u00fcgung und wir k\u00f6nnen nicht gew\u00e4hrleisten, dass dies f\u00fcr alle Camptage ausreichend zur Verf\u00fcgung [&hellip;]<\/p>\n","protected":false},"author":2,"featured_media":0,"parent":0,"menu_order":0,"comment_status":"closed","ping_status":"closed","template":"","meta":{"_acf_changed":false,"_exactmetrics_skip_tracking":false,"_exactmetrics_sitenote_active":false,"_exactmetrics_sitenote_note":"","_exactmetrics_sitenote_category":0,"footnotes":""},"class_list":["post-31551","page","type-page","status-publish","hentry"],"acf":[],"_links":{"self":[{"href":"https:\/\/www.sporting-women.de\/womens-bike-camp\/wp-json\/wp\/v2\/pages\/31551","targetHints":{"allow":["GET"]}}],"collection":[{"href":"https:\/\/www.sporting-women.de\/womens-bike-camp\/wp-json\/wp\/v2\/pages"}],"about":[{"href":"https:\/\/www.sporting-women.de\/womens-bike-camp\/wp-json\/wp\/v2\/types\/page"}],"author":[{"embeddable":true,"href":"https:\/\/www.sporting-women.de\/womens-bike-camp\/wp-json\/wp\/v2\/users\/2"}],"replies":[{"embeddable":true,"href":"https:\/\/www.sporting-women.de\/womens-bike-camp\/wp-json\/wp\/v2\/comments?post=31551"}],"version-history":[{"count":0,"href":"https:\/\/www.sporting-women.de\/womens-bike-camp\/wp-json\/wp\/v2\/pages\/31551\/revisions"}],"wp:attachment":[{"href":"https:\/\/www.sporting-women.de\/womens-bike-camp\/wp-json\/wp\/v2\/media?parent=31551"}],"curies":[{"name":"wp","href":"https:\/\/api.w.org\/{rel}","templated":true}]}}