
{"id":31551,"date":"2022-08-05T13:07:03","date_gmt":"2022-08-05T11:07:03","guid":{"rendered":"https:\/\/www.sporting-women.de\/womens-cycling-camp\/?page_id=31551"},"modified":"2025-11-11T16:03:18","modified_gmt":"2025-11-11T15:03:18","slug":"teilnahmevoraussetzungen","status":"publish","type":"page","link":"https:\/\/www.sporting-women.de\/womens-cycling-camp\/teilnahmevoraussetzungen\/","title":{"rendered":"Teilnahmevoraussetzungen"},"content":{"rendered":"\t\t<div data-elementor-type=\"wp-page\" data-elementor-id=\"31551\" class=\"elementor elementor-31551\" data-elementor-post-type=\"page\">\n\t\t\t\t\t\t<section class=\"elementor-section elementor-top-section elementor-element elementor-element-d972bc4 elementor-section-boxed elementor-section-height-default elementor-section-height-default\" data-id=\"d972bc4\" data-element_type=\"section\" data-e-type=\"section\">\n\t\t\t\t\t\t<div class=\"elementor-container elementor-column-gap-default\">\n\t\t\t\t\t<div class=\"elementor-column elementor-col-100 elementor-top-column elementor-element elementor-element-651b827\" data-id=\"651b827\" data-element_type=\"column\" data-e-type=\"column\">\n\t\t\t<div class=\"elementor-widget-wrap elementor-element-populated\">\n\t\t\t\t\t\t<div class=\"elementor-element elementor-element-7854858 elementor-widget elementor-widget-heading\" data-id=\"7854858\" data-element_type=\"widget\" data-e-type=\"widget\" data-widget_type=\"heading.default\">\n\t\t\t\t<div class=\"elementor-widget-container\">\n\t\t\t\t\t<h2 class=\"elementor-heading-title elementor-size-default\">Teilnahmevoraussetzungen<\/h2>\t\t\t\t<\/div>\n\t\t\t\t<\/div>\n\t\t\t\t\t<\/div>\n\t\t<\/div>\n\t\t\t\t\t<\/div>\n\t\t<\/section>\n\t\t\t\t<section class=\"elementor-section elementor-top-section elementor-element elementor-element-697cbab elementor-section-boxed elementor-section-height-default elementor-section-height-default\" data-id=\"697cbab\" data-element_type=\"section\" data-e-type=\"section\">\n\t\t\t\t\t\t<div class=\"elementor-container elementor-column-gap-default\">\n\t\t\t\t\t<div class=\"elementor-column elementor-col-100 elementor-top-column elementor-element elementor-element-1f88dc2\" data-id=\"1f88dc2\" data-element_type=\"column\" data-e-type=\"column\">\n\t\t\t<div class=\"elementor-widget-wrap elementor-element-populated\">\n\t\t\t\t\t\t<div class=\"elementor-element elementor-element-dd47b69 elementor-widget elementor-widget-text-editor\" data-id=\"dd47b69\" data-element_type=\"widget\" data-e-type=\"widget\" data-widget_type=\"text-editor.default\">\n\t\t\t\t<div class=\"elementor-widget-container\">\n\t\t\t\t\t\t\t\t\t<p>Damit du am<span style=\"color: #ed424d;\">\u00a0<\/span>Women\u2019s Cycling Camp\u00a0teilnehmen kannst, m\u00fcssen folgende Teilnahmevoraussetzungen gegeben sein:<\/p>\t\t\t\t\t\t\t\t<\/div>\n\t\t\t\t<\/div>\n\t\t\t\t<div class=\"elementor-element elementor-element-16d4443 elementor-widget elementor-widget-text-editor\" data-id=\"16d4443\" data-element_type=\"widget\" data-e-type=\"widget\" data-widget_type=\"text-editor.default\">\n\t\t\t\t<div class=\"elementor-widget-container\">\n\t\t\t\t\t\t\t\t\t<ul><li><strong>Bitte bringe dein eigenes Material mit.<\/strong> Testmaterial unserer Partner steht nur bedingt zur Verf\u00fcgung und kann nicht f\u00fcr alle Camptage verliehen werden. Solltest du kein eigenes Material haben, kannst du dies gerne vor Ort gegen Geb\u00fchr bei einem H\u00e4ndler leihen.<\/li><li>Es sind keine Vorkenntnisse im Gel\u00e4nde (Rennradfahren) notwendig, aber <strong>du solltest sicher Radfahren k\u00f6nnen und angemessene Grundkondition haben.<\/strong> Bitte w\u00e4hle \u00fcberlegt, deine Leistungsgruppe, damit jede Teilnehmerin sich bestm\u00f6glich eingruppiert f\u00fchlt.<\/li><\/ul>\t\t\t\t\t\t\t\t<\/div>\n\t\t\t\t<\/div>\n\t\t\t\t<div class=\"elementor-element elementor-element-cd3e758 elementor-widget elementor-widget-heading\" data-id=\"cd3e758\" data-element_type=\"widget\" data-e-type=\"widget\" data-widget_type=\"heading.default\">\n\t\t\t\t<div class=\"elementor-widget-container\">\n\t\t\t\t\t<h2 class=\"elementor-heading-title elementor-size-medium\">Unsere Leistungsgruppen beim WCC<\/h2>\t\t\t\t<\/div>\n\t\t\t\t<\/div>\n\t\t\t\t<section class=\"elementor-section elementor-inner-section elementor-element elementor-element-c389a60 elementor-section-boxed elementor-section-height-default elementor-section-height-default\" data-id=\"c389a60\" data-element_type=\"section\" data-e-type=\"section\">\n\t\t\t\t\t\t<div class=\"elementor-container elementor-column-gap-default\">\n\t\t\t\t\t<div class=\"elementor-column elementor-col-50 elementor-inner-column elementor-element elementor-element-0e0432f\" data-id=\"0e0432f\" data-element_type=\"column\" data-e-type=\"column\">\n\t\t\t<div class=\"elementor-widget-wrap elementor-element-populated\">\n\t\t\t\t\t\t<div class=\"elementor-element elementor-element-b29ee51 elementor-widget elementor-widget-text-editor\" data-id=\"b29ee51\" data-element_type=\"widget\" data-e-type=\"widget\" data-widget_type=\"text-editor.default\">\n\t\t\t\t<div class=\"elementor-widget-container\">\n\t\t\t\t\t\t\t\t\t<p style=\"text-align: center;\"><strong>Level 1<\/strong><\/p><ul><li>Newbies und Rennrad fahren im Entdecker Modus<\/li><li><div>noch nie auf dem sportiven Rad\/ \u00a0Rennrad gesessen und Lust darauf es auszuprobieren<\/div><\/li><li><div>keine Erfahrung im Gruppenfahren<\/div><\/li><li><div>Grundkondition vorhanden<\/div><\/li><li><div>300 H\u00f6henmeter sind f\u00fcr mich kein Problem<\/div><\/li><li><div>das Tagesziel kann bei ca. 30-40 km liegen<\/div><\/li><\/ul>\t\t\t\t\t\t\t\t<\/div>\n\t\t\t\t<\/div>\n\t\t\t\t<div class=\"elementor-element elementor-element-b64100b elementor-widget elementor-widget-text-editor\" data-id=\"b64100b\" data-element_type=\"widget\" data-e-type=\"widget\" data-widget_type=\"text-editor.default\">\n\t\t\t\t<div class=\"elementor-widget-container\">\n\t\t\t\t\t\t\t\t\t<p style=\"text-align: center;\"><strong>Level 2<\/strong><\/p><ul><li>Erste Erfahrung und Klickpedale kein Fremdwort<\/li><li>moderate Kondition vorhanden<\/li><li><div>kaum bis keine Erfahrung im Gruppenfahren<\/div><\/li><li><div>bis zu 350\/400 H\u00f6henmeter machtbar f\u00fcr mich<\/div><\/li><li><div>Tagesziel bei ca. 50 km\u00a0<\/div><\/li><\/ul>\t\t\t\t\t\t\t\t<\/div>\n\t\t\t\t<\/div>\n\t\t\t\t\t<\/div>\n\t\t<\/div>\n\t\t\t\t<div class=\"elementor-column elementor-col-50 elementor-inner-column elementor-element elementor-element-51dc153\" data-id=\"51dc153\" data-element_type=\"column\" data-e-type=\"column\">\n\t\t\t<div class=\"elementor-widget-wrap elementor-element-populated\">\n\t\t\t\t\t\t<div class=\"elementor-element elementor-element-716d347 elementor-widget elementor-widget-text-editor\" data-id=\"716d347\" data-element_type=\"widget\" data-e-type=\"widget\" data-widget_type=\"text-editor.default\">\n\t\t\t\t<div class=\"elementor-widget-container\">\n\t\t\t\t\t\t\t\t\t<p style=\"text-align: center;\"><strong>Level 3<\/strong><\/p><ul><li>regelm\u00e4\u00dfig auf dem Rennrad unterwegs und bereit f\u00fcr gem\u00fctliche Touren<\/li><li>Tagesziel bei ca. 60-70 km<\/li><li><div>solide Grundkondition vorhanden<\/div><\/li><li><div>regelm\u00e4\u00dfiges Gruppenfahren kein Problem f\u00fcr mich<\/div><\/li><li><div>bis zu 500-600 Hm machtbar f\u00fcr mich<\/div><\/li><\/ul>\t\t\t\t\t\t\t\t<\/div>\n\t\t\t\t<\/div>\n\t\t\t\t<div class=\"elementor-element elementor-element-6b9c003 elementor-widget elementor-widget-text-editor\" data-id=\"6b9c003\" data-element_type=\"widget\" data-e-type=\"widget\" data-widget_type=\"text-editor.default\">\n\t\t\t\t<div class=\"elementor-widget-container\">\n\t\t\t\t\t\t\t\t\t<p style=\"text-align: center;\"><strong>Level 4<\/strong><\/p><ul><li>\u00f6fters auf dem Rennrad unterwegs &amp; Lust auf Kilometer<\/li><li><div>regelm\u00e4\u00dfiges Gruppenfahren kein Problem f\u00fcr mich<\/div><\/li><li><div>ich habe eine gute Kondition<\/div><\/li><li><div>700-800 H\u00f6henmeter schaffe ich\u00a0<\/div><\/li><li><div>mein Tagesziel darf bei 80-90 km liegen<\/div><\/li><\/ul>\t\t\t\t\t\t\t\t<\/div>\n\t\t\t\t<\/div>\n\t\t\t\t<div class=\"elementor-element elementor-element-c02ed65 elementor-widget__width-initial elementor-widget elementor-widget-text-editor\" data-id=\"c02ed65\" data-element_type=\"widget\" data-e-type=\"widget\" data-widget_type=\"text-editor.default\">\n\t\t\t\t<div class=\"elementor-widget-container\">\n\t\t\t\t\t\t\t\t\t<p style=\"text-align: center;\"><strong>Level 5<\/strong><\/p><ul><li>gro\u00dfe Rennradliebe &#8211; wir wollen hier Speed geben<\/li><li><div>Gruppenfahren ist f\u00fcr mich \u00fcberhaupt kein Problem\u00a0<\/div><\/li><li><div>ich f\u00fchle mich fit und habe eine sehr gute Kondition<\/div><\/li><li><div>es d\u00fcrfen \u00fcber 1000 H\u00f6henmeter am Tag sein<\/div><\/li><li><div>als Tagesziel schaffe ich (locker) mehr als 100 km\u00a0<\/div><\/li><\/ul>\t\t\t\t\t\t\t\t<\/div>\n\t\t\t\t<\/div>\n\t\t\t\t\t<\/div>\n\t\t<\/div>\n\t\t\t\t\t<\/div>\n\t\t<\/section>\n\t\t\t\t\t<\/div>\n\t\t<\/div>\n\t\t\t\t\t<\/div>\n\t\t<\/section>\n\t\t\t\t<section class=\"elementor-section elementor-top-section elementor-element elementor-element-ffcd711 elementor-section-boxed elementor-section-height-default elementor-section-height-default\" data-id=\"ffcd711\" data-element_type=\"section\" data-e-type=\"section\">\n\t\t\t\t\t\t<div class=\"elementor-container elementor-column-gap-default\">\n\t\t\t\t\t<div class=\"elementor-column elementor-col-100 elementor-top-column elementor-element elementor-element-bc73977\" data-id=\"bc73977\" data-element_type=\"column\" data-e-type=\"column\">\n\t\t\t<div class=\"elementor-widget-wrap elementor-element-populated\">\n\t\t\t\t\t\t<div class=\"elementor-element elementor-element-720903f elementor-align-center elementor-widget elementor-widget-button\" data-id=\"720903f\" data-element_type=\"widget\" data-e-type=\"widget\" data-widget_type=\"button.default\">\n\t\t\t\t<div class=\"elementor-widget-container\">\n\t\t\t\t\t\t\t\t\t<div class=\"elementor-button-wrapper\">\n\t\t\t\t\t<a class=\"elementor-button elementor-button-link elementor-size-sm\" href=\"https:\/\/www.sporting-women.de\/womens-cycling-camp\/anmeldung\/\">\n\t\t\t\t\t\t<span class=\"elementor-button-content-wrapper\">\n\t\t\t\t\t\t\t\t\t<span class=\"elementor-button-text\">Hier geht\u00b4s zur Anmeldung!<\/span>\n\t\t\t\t\t<\/span>\n\t\t\t\t\t<\/a>\n\t\t\t\t<\/div>\n\t\t\t\t\t\t\t\t<\/div>\n\t\t\t\t<\/div>\n\t\t\t\t\t<\/div>\n\t\t<\/div>\n\t\t\t\t\t<\/div>\n\t\t<\/section>\n\t\t\t\t<section class=\"elementor-section elementor-top-section elementor-element elementor-element-41e935e elementor-section-boxed elementor-section-height-default elementor-section-height-default\" data-id=\"41e935e\" data-element_type=\"section\" data-e-type=\"section\">\n\t\t\t\t\t\t<div class=\"elementor-container elementor-column-gap-default\">\n\t\t\t\t\t<div class=\"elementor-column elementor-col-100 elementor-top-column elementor-element elementor-element-c91b05d\" data-id=\"c91b05d\" data-element_type=\"column\" data-e-type=\"column\">\n\t\t\t<div class=\"elementor-widget-wrap elementor-element-populated\">\n\t\t\t\t\t\t<div class=\"elementor-element elementor-element-3fb9cc5 elementor-widget elementor-widget-spacer\" data-id=\"3fb9cc5\" data-element_type=\"widget\" data-e-type=\"widget\" data-widget_type=\"spacer.default\">\n\t\t\t\t<div class=\"elementor-widget-container\">\n\t\t\t\t\t\t\t<div class=\"elementor-spacer\">\n\t\t\t<div class=\"elementor-spacer-inner\"><\/div>\n\t\t<\/div>\n\t\t\t\t\t\t<\/div>\n\t\t\t\t<\/div>\n\t\t\t\t\t<\/div>\n\t\t<\/div>\n\t\t\t\t\t<\/div>\n\t\t<\/section>\n\t\t\t\t<\/div>\n\t\t","protected":false},"excerpt":{"rendered":"<p>Teilnahmevoraussetzungen Damit du am\u00a0Women\u2019s Cycling Camp\u00a0teilnehmen kannst, m\u00fcssen folgende Teilnahmevoraussetzungen gegeben sein: Bitte bringe dein eigenes Material mit. Testmaterial unserer Partner steht nur bedingt zur Verf\u00fcgung und kann nicht f\u00fcr alle Camptage verliehen werden. Solltest du kein eigenes Material haben, kannst du dies gerne vor Ort gegen Geb\u00fchr bei einem H\u00e4ndler leihen. Es sind keine [&hellip;]<\/p>\n","protected":false},"author":7,"featured_media":0,"parent":0,"menu_order":0,"comment_status":"closed","ping_status":"closed","template":"","meta":{"_acf_changed":false,"footnotes":""},"class_list":["post-31551","page","type-page","status-publish","hentry"],"acf":[],"_links":{"self":[{"href":"https:\/\/www.sporting-women.de\/womens-cycling-camp\/wp-json\/wp\/v2\/pages\/31551","targetHints":{"allow":["GET"]}}],"collection":[{"href":"https:\/\/www.sporting-women.de\/womens-cycling-camp\/wp-json\/wp\/v2\/pages"}],"about":[{"href":"https:\/\/www.sporting-women.de\/womens-cycling-camp\/wp-json\/wp\/v2\/types\/page"}],"author":[{"embeddable":true,"href":"https:\/\/www.sporting-women.de\/womens-cycling-camp\/wp-json\/wp\/v2\/users\/7"}],"replies":[{"embeddable":true,"href":"https:\/\/www.sporting-women.de\/womens-cycling-camp\/wp-json\/wp\/v2\/comments?post=31551"}],"version-history":[{"count":0,"href":"https:\/\/www.sporting-women.de\/womens-cycling-camp\/wp-json\/wp\/v2\/pages\/31551\/revisions"}],"wp:attachment":[{"href":"https:\/\/www.sporting-women.de\/womens-cycling-camp\/wp-json\/wp\/v2\/media?parent=31551"}],"curies":[{"name":"wp","href":"https:\/\/api.w.org\/{rel}","templated":true}]}}

<div data-elementor-type="wp-page" data-elementor-id="31551" class="elementor elementor-31551" data-elementor-post-type="page">
						<section class="elementor-section elementor-top-section elementor-element elementor-element-d972bc4 elementor-section-boxed elementor-section-height-default elementor-section-height-default" data-id="d972bc4" data-element_type="section" data-e-type="section">
						<div class="elementor-container elementor-column-gap-default">
					<div class="elementor-column elementor-col-100 elementor-top-column elementor-element elementor-element-651b827" data-id="651b827" data-element_type="column" data-e-type="column">
			<div class="elementor-widget-wrap elementor-element-populated">
						<div class="elementor-element elementor-element-7854858 elementor-widget elementor-widget-heading" data-id="7854858" data-element_type="widget" data-e-type="widget" data-widget_type="heading.default">
				<div class="elementor-widget-container">
					<h2 class="elementor-heading-title elementor-size-default">Teilnahmevoraussetzungen</h2>				</div>
				</div>
					</div>
		</div>
					</div>
		</section>
				<section class="elementor-section elementor-top-section elementor-element elementor-element-697cbab elementor-section-boxed elementor-section-height-default elementor-section-height-default" data-id="697cbab" data-element_type="section" data-e-type="section">
						<div class="elementor-container elementor-column-gap-default">
					<div class="elementor-column elementor-col-100 elementor-top-column elementor-element elementor-element-1f88dc2" data-id="1f88dc2" data-element_type="column" data-e-type="column">
			<div class="elementor-widget-wrap elementor-element-populated">
						<div class="elementor-element elementor-element-dd47b69 elementor-widget elementor-widget-text-editor" data-id="dd47b69" data-element_type="widget" data-e-type="widget" data-widget_type="text-editor.default">
				<div class="elementor-widget-container">
									<p>Damit du am<span style="color: #ed424d;"> </span>Women’s Cycling Camp teilnehmen kannst, müssen folgende Teilnahmevoraussetzungen gegeben sein:</p>								</div>
				</div>
				<div class="elementor-element elementor-element-16d4443 elementor-widget elementor-widget-text-editor" data-id="16d4443" data-element_type="widget" data-e-type="widget" data-widget_type="text-editor.default">
				<div class="elementor-widget-container">
									<ul><li><strong>Bitte bringe dein eigenes Material mit.</strong> Testmaterial unserer Partner steht nur bedingt zur Verfügung und kann nicht für alle Camptage verliehen werden. Solltest du kein eigenes Material haben, kannst du dies gerne vor Ort gegen Gebühr bei einem Händler leihen.</li><li>Es sind keine Vorkenntnisse im Gelände (Rennradfahren) notwendig, aber <strong>du solltest sicher Radfahren können und angemessene Grundkondition haben.</strong> Bitte wähle überlegt, deine Leistungsgruppe, damit jede Teilnehmerin sich bestmöglich eingruppiert fühlt.</li></ul>								</div>
				</div>
				<div class="elementor-element elementor-element-cd3e758 elementor-widget elementor-widget-heading" data-id="cd3e758" data-element_type="widget" data-e-type="widget" data-widget_type="heading.default">
				<div class="elementor-widget-container">
					<h2 class="elementor-heading-title elementor-size-medium">Unsere Leistungsgruppen beim WCC</h2>				</div>
				</div>
				<section class="elementor-section elementor-inner-section elementor-element elementor-element-c389a60 elementor-section-boxed elementor-section-height-default elementor-section-height-default" data-id="c389a60" data-element_type="section" data-e-type="section">
						<div class="elementor-container elementor-column-gap-default">
					<div class="elementor-column elementor-col-50 elementor-inner-column elementor-element elementor-element-0e0432f" data-id="0e0432f" data-element_type="column" data-e-type="column">
			<div class="elementor-widget-wrap elementor-element-populated">
						<div class="elementor-element elementor-element-b29ee51 elementor-widget elementor-widget-text-editor" data-id="b29ee51" data-element_type="widget" data-e-type="widget" data-widget_type="text-editor.default">
				<div class="elementor-widget-container">
									<p style="text-align: center;"><strong>Level 1</strong></p><ul><li>Newbies und Rennrad fahren im Entdecker Modus</li><li><div>noch nie auf dem sportiven Rad/  Rennrad gesessen und Lust darauf es auszuprobieren</div></li><li><div>keine Erfahrung im Gruppenfahren</div></li><li><div>Grundkondition vorhanden</div></li><li><div>300 Höhenmeter sind für mich kein Problem</div></li><li><div>das Tagesziel kann bei ca. 30-40 km liegen</div></li></ul>								</div>
				</div>
				<div class="elementor-element elementor-element-b64100b elementor-widget elementor-widget-text-editor" data-id="b64100b" data-element_type="widget" data-e-type="widget" data-widget_type="text-editor.default">
				<div class="elementor-widget-container">
									<p style="text-align: center;"><strong>Level 2</strong></p><ul><li>Erste Erfahrung und Klickpedale kein Fremdwort</li><li>moderate Kondition vorhanden</li><li><div>kaum bis keine Erfahrung im Gruppenfahren</div></li><li><div>bis zu 350/400 Höhenmeter machtbar für mich</div></li><li><div>Tagesziel bei ca. 50 km </div></li></ul>								</div>
				</div>
					</div>
		</div>
				<div class="elementor-column elementor-col-50 elementor-inner-column elementor-element elementor-element-51dc153" data-id="51dc153" data-element_type="column" data-e-type="column">
			<div class="elementor-widget-wrap elementor-element-populated">
						<div class="elementor-element elementor-element-716d347 elementor-widget elementor-widget-text-editor" data-id="716d347" data-element_type="widget" data-e-type="widget" data-widget_type="text-editor.default">
				<div class="elementor-widget-container">
									<p style="text-align: center;"><strong>Level 3</strong></p><ul><li>regelmäßig auf dem Rennrad unterwegs und bereit für gemütliche Touren</li><li>Tagesziel bei ca. 60-70 km</li><li><div>solide Grundkondition vorhanden</div></li><li><div>regelmäßiges Gruppenfahren kein Problem für mich</div></li><li><div>bis zu 500-600 Hm machtbar für mich</div></li></ul>								</div>
				</div>
				<div class="elementor-element elementor-element-6b9c003 elementor-widget elementor-widget-text-editor" data-id="6b9c003" data-element_type="widget" data-e-type="widget" data-widget_type="text-editor.default">
				<div class="elementor-widget-container">
									<p style="text-align: center;"><strong>Level 4</strong></p><ul><li>öfters auf dem Rennrad unterwegs &amp; Lust auf Kilometer</li><li><div>regelmäßiges Gruppenfahren kein Problem für mich</div></li><li><div>ich habe eine gute Kondition</div></li><li><div>700-800 Höhenmeter schaffe ich </div></li><li><div>mein Tagesziel darf bei 80-90 km liegen</div></li></ul>								</div>
				</div>
				<div class="elementor-element elementor-element-c02ed65 elementor-widget__width-initial elementor-widget elementor-widget-text-editor" data-id="c02ed65" data-element_type="widget" data-e-type="widget" data-widget_type="text-editor.default">
				<div class="elementor-widget-container">
									<p style="text-align: center;"><strong>Level 5</strong></p><ul><li>große Rennradliebe &#8211; wir wollen hier Speed geben</li><li><div>Gruppenfahren ist für mich überhaupt kein Problem </div></li><li><div>ich fühle mich fit und habe eine sehr gute Kondition</div></li><li><div>es dürfen über 1000 Höhenmeter am Tag sein</div></li><li><div>als Tagesziel schaffe ich (locker) mehr als 100 km </div></li></ul>								</div>
				</div>
					</div>
		</div>
					</div>
		</section>
					</div>
		</div>
					</div>
		</section>
				<section class="elementor-section elementor-top-section elementor-element elementor-element-ffcd711 elementor-section-boxed elementor-section-height-default elementor-section-height-default" data-id="ffcd711" data-element_type="section" data-e-type="section">
						<div class="elementor-container elementor-column-gap-default">
					<div class="elementor-column elementor-col-100 elementor-top-column elementor-element elementor-element-bc73977" data-id="bc73977" data-element_type="column" data-e-type="column">
			<div class="elementor-widget-wrap elementor-element-populated">
						<div class="elementor-element elementor-element-720903f elementor-align-center elementor-widget elementor-widget-button" data-id="720903f" data-element_type="widget" data-e-type="widget" data-widget_type="button.default">
				<div class="elementor-widget-container">
									<div class="elementor-button-wrapper">
					<a class="elementor-button elementor-button-link elementor-size-sm" href="https://www.sporting-women.de/womens-cycling-camp/anmeldung/">
						<span class="elementor-button-content-wrapper">
									<span class="elementor-button-text">Hier geht´s zur Anmeldung!</span>
					</span>
					</a>
				</div>
								</div>
				</div>
					</div>
		</div>
					</div>
		</section>
				<section class="elementor-section elementor-top-section elementor-element elementor-element-41e935e elementor-section-boxed elementor-section-height-default elementor-section-height-default" data-id="41e935e" data-element_type="section" data-e-type="section">
						<div class="elementor-container elementor-column-gap-default">
					<div class="elementor-column elementor-col-100 elementor-top-column elementor-element elementor-element-c91b05d" data-id="c91b05d" data-element_type="column" data-e-type="column">
			<div class="elementor-widget-wrap elementor-element-populated">
						<div class="elementor-element elementor-element-3fb9cc5 elementor-widget elementor-widget-spacer" data-id="3fb9cc5" data-element_type="widget" data-e-type="widget" data-widget_type="spacer.default">
				<div class="elementor-widget-container">
							<div class="elementor-spacer">
			<div class="elementor-spacer-inner"></div>
		</div>
						</div>
				</div>
					</div>
		</div>
					</div>
		</section>
				</div>

<p>Teilnahmevoraussetzungen Damit du am Women’s Cycling Camp teilnehmen kannst, müssen folgende Teilnahmevoraussetzungen gegeben sein: Bitte bringe dein eigenes Material mit. Testmaterial unserer Partner steht nur bedingt zur Verfügung und kann nicht für alle Camptage verliehen werden. Solltest du kein eigenes Material haben, kannst du dies gerne vor Ort gegen Gebühr bei einem Händler leihen. Es sind keine [&hellip;]</p>
