{"id":35486,"date":"2025-11-11T14:58:41","date_gmt":"2025-11-11T13:58:41","guid":{"rendered":"https:\/\/www.sporting-women.de\/womens-cycling-camp\/?page_id=35486"},"modified":"2025-11-14T13:47:05","modified_gmt":"2025-11-14T12:47:05","slug":"weitere-unterkuenfte","status":"publish","type":"page","link":"https:\/\/www.sporting-women.de\/womens-cycling-camp\/weitere-unterkuenfte\/","title":{"rendered":"Weitere Unterk\u00fcnfte"},"content":{"rendered":"\t\t<div data-elementor-type=\"wp-page\" data-elementor-id=\"35486\" class=\"elementor elementor-35486\" data-elementor-post-type=\"page\">\n\t\t\t\t\t\t<section class=\"elementor-section elementor-top-section elementor-element elementor-element-a7297db elementor-section-boxed elementor-section-height-default elementor-section-height-default\" data-id=\"a7297db\" data-element_type=\"section\" data-e-type=\"section\">\n\t\t\t\t\t\t<div class=\"elementor-container elementor-column-gap-default\">\n\t\t\t\t\t<div class=\"elementor-column elementor-col-100 elementor-top-column elementor-element elementor-element-ceef89d\" data-id=\"ceef89d\" data-element_type=\"column\" data-e-type=\"column\">\n\t\t\t<div class=\"elementor-widget-wrap elementor-element-populated\">\n\t\t\t\t\t\t<div class=\"elementor-element elementor-element-291439b elementor-widget elementor-widget-heading\" data-id=\"291439b\" data-element_type=\"widget\" data-e-type=\"widget\" data-widget_type=\"heading.default\">\n\t\t\t\t<div class=\"elementor-widget-container\">\n\t\t\t\t\t<h2 class=\"elementor-heading-title elementor-size-default\">Weitere Unterk\u00fcnfte<\/h2>\t\t\t\t<\/div>\n\t\t\t\t<\/div>\n\t\t\t\t\t<\/div>\n\t\t<\/div>\n\t\t\t\t\t<\/div>\n\t\t<\/section>\n\t\t\t\t<section class=\"elementor-section elementor-top-section elementor-element elementor-element-6f09496 elementor-section-boxed elementor-section-height-default elementor-section-height-default\" data-id=\"6f09496\" data-element_type=\"section\" data-e-type=\"section\">\n\t\t\t\t\t\t<div class=\"elementor-container elementor-column-gap-default\">\n\t\t\t\t\t<div class=\"elementor-column elementor-col-100 elementor-top-column elementor-element elementor-element-194dd73\" data-id=\"194dd73\" data-element_type=\"column\" data-e-type=\"column\">\n\t\t\t<div class=\"elementor-widget-wrap elementor-element-populated\">\n\t\t\t\t\t\t<div class=\"elementor-element elementor-element-cbc49c7 elementor-widget elementor-widget-text-editor\" data-id=\"cbc49c7\" data-element_type=\"widget\" data-e-type=\"widget\" data-widget_type=\"text-editor.default\">\n\t\t\t\t<div class=\"elementor-widget-container\">\n\t\t\t\t\t\t\t\t\t<p>Solltest du dich f\u00fcr eine Campteilnahme ohne Hotel entscheiden, haben wir hier weitere Empfehlungen in der n\u00e4heren Umgebung des Camps f\u00fcr dich.<\/p>\t\t\t\t\t\t\t\t<\/div>\n\t\t\t\t<\/div>\n\t\t\t\t<div class=\"elementor-element elementor-element-b3eb475 elementor-widget-divider--view-line elementor-widget elementor-widget-divider\" data-id=\"b3eb475\" data-element_type=\"widget\" data-e-type=\"widget\" data-widget_type=\"divider.default\">\n\t\t\t\t<div class=\"elementor-widget-container\">\n\t\t\t\t\t\t\t<div class=\"elementor-divider\">\n\t\t\t<span class=\"elementor-divider-separator\">\n\t\t\t\t\t\t<\/span>\n\t\t<\/div>\n\t\t\t\t\t\t<\/div>\n\t\t\t\t<\/div>\n\t\t\t\t\t<\/div>\n\t\t<\/div>\n\t\t\t\t\t<\/div>\n\t\t<\/section>\n\t\t\t\t<section class=\"elementor-section elementor-top-section elementor-element elementor-element-c7979e5 elementor-hidden-desktop elementor-hidden-tablet elementor-hidden-mobile elementor-section-boxed elementor-section-height-default elementor-section-height-default\" data-id=\"c7979e5\" data-element_type=\"section\" data-e-type=\"section\">\n\t\t\t\t\t\t<div class=\"elementor-container elementor-column-gap-default\">\n\t\t\t\t\t<div class=\"elementor-column elementor-col-50 elementor-top-column elementor-element elementor-element-f74adc2\" data-id=\"f74adc2\" data-element_type=\"column\" data-e-type=\"column\">\n\t\t\t<div class=\"elementor-widget-wrap elementor-element-populated\">\n\t\t\t\t\t\t<div class=\"elementor-element elementor-element-7136c42 elementor-widget elementor-widget-heading\" data-id=\"7136c42\" data-element_type=\"widget\" data-e-type=\"widget\" data-widget_type=\"heading.default\">\n\t\t\t\t<div class=\"elementor-widget-container\">\n\t\t\t\t\t<h2 class=\"elementor-heading-title elementor-size-default\">Boutique Hotel Beim Lipp<\/h2>\t\t\t\t<\/div>\n\t\t\t\t<\/div>\n\t\t\t\t<div class=\"elementor-element elementor-element-065c47d elementor-widget__width-initial elementor-widget elementor-widget-text-editor\" data-id=\"065c47d\" data-element_type=\"widget\" data-e-type=\"widget\" data-widget_type=\"text-editor.default\">\n\t\t\t\t<div class=\"elementor-widget-container\">\n\t\t\t\t\t\t\t\t\t<p>Das kleine aber feine <span style=\"color: #ff4a4a\"><a style=\"color: #ff4a4a\" href=\"https:\/\/beim-lipp.de\">Boutique Hotel Beim Lipp<\/a><\/span> liegt mit 15 Zimmern im Herzen von Ro\u00dfhaupten. Im familiengef\u00fchrten Hotel erwarten euch regionale und kreative K\u00fcche sowie ein exklusiver Wellness-Bereich und im Sommer der Lipp-Garten zum Abschalten nach einer langen Tour.<\/p><p><strong><span style=\"color: #ed424d\">Adresse:<\/span><\/strong><\/p><div class=\"footer-box-company\">Boutique Hotel Restaurant &amp; Spa<\/div><div class=\"footer-box-address\"><p>Hauptstrasse 15<br \/>D-87672 Rosshaupten<br \/>Telefonnummer: +(49) 8367 305<\/p><\/div>\t\t\t\t\t\t\t\t<\/div>\n\t\t\t\t<\/div>\n\t\t\t\t\t<\/div>\n\t\t<\/div>\n\t\t\t\t<div class=\"elementor-column elementor-col-50 elementor-top-column elementor-element elementor-element-1e75981\" data-id=\"1e75981\" data-element_type=\"column\" data-e-type=\"column\">\n\t\t\t<div class=\"elementor-widget-wrap elementor-element-populated\">\n\t\t\t\t\t\t<div class=\"elementor-element elementor-element-2ab7b62 elementor-widget__width-initial elementor-widget elementor-widget-image\" data-id=\"2ab7b62\" data-element_type=\"widget\" data-e-type=\"widget\" data-widget_type=\"image.default\">\n\t\t\t\t<div class=\"elementor-widget-container\">\n\t\t\t\t\t\t\t\t\t\t\t\t\t\t\t<img fetchpriority=\"high\" decoding=\"async\" width=\"800\" height=\"534\" src=\"https:\/\/www.sporting-women.de\/womens-cycling-camp\/wp-content\/uploads\/sites\/16\/2025\/11\/p1j1ls78981kko17civf41lqlmr2s-1024x683.jpg\" class=\"attachment-large size-large wp-image-35490\" alt=\"\" srcset=\"https:\/\/www.sporting-women.de\/womens-cycling-camp\/wp-content\/uploads\/sites\/16\/2025\/11\/p1j1ls78981kko17civf41lqlmr2s-1024x683.jpg 1024w, https:\/\/www.sporting-women.de\/womens-cycling-camp\/wp-content\/uploads\/sites\/16\/2025\/11\/p1j1ls78981kko17civf41lqlmr2s-300x200.jpg 300w, https:\/\/www.sporting-women.de\/womens-cycling-camp\/wp-content\/uploads\/sites\/16\/2025\/11\/p1j1ls78981kko17civf41lqlmr2s-768x512.jpg 768w, https:\/\/www.sporting-women.de\/womens-cycling-camp\/wp-content\/uploads\/sites\/16\/2025\/11\/p1j1ls78981kko17civf41lqlmr2s-391x260.jpg 391w, https:\/\/www.sporting-women.de\/womens-cycling-camp\/wp-content\/uploads\/sites\/16\/2025\/11\/p1j1ls78981kko17civf41lqlmr2s-1536x1024.jpg 1536w, https:\/\/www.sporting-women.de\/womens-cycling-camp\/wp-content\/uploads\/sites\/16\/2025\/11\/p1j1ls78981kko17civf41lqlmr2s-600x400.jpg 600w, https:\/\/www.sporting-women.de\/womens-cycling-camp\/wp-content\/uploads\/sites\/16\/2025\/11\/p1j1ls78981kko17civf41lqlmr2s.jpg 1920w\" sizes=\"(max-width: 800px) 100vw, 800px\" \/>\t\t\t\t\t\t\t\t\t\t\t\t\t\t\t<\/div>\n\t\t\t\t<\/div>\n\t\t\t\t\t<\/div>\n\t\t<\/div>\n\t\t\t\t\t<\/div>\n\t\t<\/section>\n\t\t\t\t<section class=\"elementor-section elementor-top-section elementor-element elementor-element-0fea741 elementor-section-boxed elementor-section-height-default elementor-section-height-default\" data-id=\"0fea741\" data-element_type=\"section\" data-e-type=\"section\">\n\t\t\t\t\t\t<div class=\"elementor-container elementor-column-gap-default\">\n\t\t\t\t\t<div class=\"elementor-column elementor-col-50 elementor-top-column elementor-element elementor-element-049a14b\" data-id=\"049a14b\" data-element_type=\"column\" data-e-type=\"column\">\n\t\t\t<div class=\"elementor-widget-wrap elementor-element-populated\">\n\t\t\t\t\t\t<div class=\"elementor-element elementor-element-0274387 elementor-widget elementor-widget-heading\" data-id=\"0274387\" data-element_type=\"widget\" data-e-type=\"widget\" data-widget_type=\"heading.default\">\n\t\t\t\t<div class=\"elementor-widget-container\">\n\t\t\t\t\t<h2 class=\"elementor-heading-title elementor-size-default\">4* Hotel Sommer F\u00fcssen<\/h2>\t\t\t\t<\/div>\n\t\t\t\t<\/div>\n\t\t\t\t<div class=\"elementor-element elementor-element-5b77696 elementor-widget__width-initial elementor-widget elementor-widget-text-editor\" data-id=\"5b77696\" data-element_type=\"widget\" data-e-type=\"widget\" data-widget_type=\"text-editor.default\">\n\t\t\t\t<div class=\"elementor-widget-container\">\n\t\t\t\t\t\t\t\t\t<p>Dieses <span style=\"color: #ff4d4d\"><a style=\"color: #ff4d4d\" href=\"https:\/\/www.hotel-sommer.de\">4-Sterne-Wellnesshotel<\/a><\/span> liegt am Ufer des Forggensees und bietet regionale K\u00fcche und eine herrliche Aussicht auf Schloss Neuschwanstein und die Alpen. Ein weitl\u00e4ufiger Wellnessbereich mit verschiedenen Saunen, Dampfb\u00e4dern und Innen-\/Au\u00dfenpools steht zur Verf\u00fcgung.<\/p><p><strong><span style=\"color: #ed424d\">Adresse:<\/span><\/strong><\/p><div class=\"footer-box-company\"><p>Hotel Sommer<br \/>Weidachstra\u00dfe 74<br \/>D-87629 F\u00fcssen<br \/>Telefonnummer: +(49) 8362 9147 0<\/p><p>Buchung und weitere Informationen unter <br \/>\u00a0<span style=\"color: #333333\"><a style=\"color: #333333\" href=\"https:\/\/www.hotel-sommer.de\/\">https:\/\/www.hotel-sommer.de\/<\/a><\/span><\/p><\/div>\t\t\t\t\t\t\t\t<\/div>\n\t\t\t\t<\/div>\n\t\t\t\t\t<\/div>\n\t\t<\/div>\n\t\t\t\t<div class=\"elementor-column elementor-col-50 elementor-top-column elementor-element elementor-element-3937273\" data-id=\"3937273\" data-element_type=\"column\" data-e-type=\"column\">\n\t\t\t<div class=\"elementor-widget-wrap elementor-element-populated\">\n\t\t\t\t\t\t<div class=\"elementor-element elementor-element-ad3bf96 elementor-widget__width-initial elementor-widget elementor-widget-image\" data-id=\"ad3bf96\" data-element_type=\"widget\" data-e-type=\"widget\" data-widget_type=\"image.default\">\n\t\t\t\t<div class=\"elementor-widget-container\">\n\t\t\t\t\t\t\t\t\t\t\t\t\t\t\t<img decoding=\"async\" width=\"800\" height=\"696\" src=\"https:\/\/www.sporting-women.de\/womens-cycling-camp\/wp-content\/uploads\/sites\/16\/2025\/11\/Bildschirm\u00adfoto-2025-11-11-um-15.46.15-1024x891.png\" class=\"attachment-large size-large wp-image-35501\" alt=\"\" srcset=\"https:\/\/www.sporting-women.de\/womens-cycling-camp\/wp-content\/uploads\/sites\/16\/2025\/11\/Bildschirm\u00adfoto-2025-11-11-um-15.46.15-1024x891.png 1024w, https:\/\/www.sporting-women.de\/womens-cycling-camp\/wp-content\/uploads\/sites\/16\/2025\/11\/Bildschirm\u00adfoto-2025-11-11-um-15.46.15-300x261.png 300w, https:\/\/www.sporting-women.de\/womens-cycling-camp\/wp-content\/uploads\/sites\/16\/2025\/11\/Bildschirm\u00adfoto-2025-11-11-um-15.46.15-768x668.png 768w, https:\/\/www.sporting-women.de\/womens-cycling-camp\/wp-content\/uploads\/sites\/16\/2025\/11\/Bildschirm\u00adfoto-2025-11-11-um-15.46.15-1536x1337.png 1536w, https:\/\/www.sporting-women.de\/womens-cycling-camp\/wp-content\/uploads\/sites\/16\/2025\/11\/Bildschirm\u00adfoto-2025-11-11-um-15.46.15-600x522.png 600w, https:\/\/www.sporting-women.de\/womens-cycling-camp\/wp-content\/uploads\/sites\/16\/2025\/11\/Bildschirm\u00adfoto-2025-11-11-um-15.46.15.png 1650w\" sizes=\"(max-width: 800px) 100vw, 800px\" \/>\t\t\t\t\t\t\t\t\t\t\t\t\t\t\t<\/div>\n\t\t\t\t<\/div>\n\t\t\t\t\t<\/div>\n\t\t<\/div>\n\t\t\t\t\t<\/div>\n\t\t<\/section>\n\t\t\t\t<section class=\"elementor-section elementor-top-section elementor-element elementor-element-cf3e53a elementor-section-boxed elementor-section-height-default elementor-section-height-default\" data-id=\"cf3e53a\" data-element_type=\"section\" data-e-type=\"section\">\n\t\t\t\t\t\t<div class=\"elementor-container elementor-column-gap-default\">\n\t\t\t\t\t<div class=\"elementor-column elementor-col-100 elementor-top-column elementor-element elementor-element-8bc388e\" data-id=\"8bc388e\" data-element_type=\"column\" data-e-type=\"column\">\n\t\t\t<div class=\"elementor-widget-wrap elementor-element-populated\">\n\t\t\t\t\t\t<div class=\"elementor-element elementor-element-1309c33 elementor-widget-divider--view-line elementor-widget elementor-widget-divider\" data-id=\"1309c33\" data-element_type=\"widget\" data-e-type=\"widget\" data-widget_type=\"divider.default\">\n\t\t\t\t<div class=\"elementor-widget-container\">\n\t\t\t\t\t\t\t<div class=\"elementor-divider\">\n\t\t\t<span class=\"elementor-divider-separator\">\n\t\t\t\t\t\t<\/span>\n\t\t<\/div>\n\t\t\t\t\t\t<\/div>\n\t\t\t\t<\/div>\n\t\t\t\t\t<\/div>\n\t\t<\/div>\n\t\t\t\t\t<\/div>\n\t\t<\/section>\n\t\t\t\t<section class=\"elementor-section elementor-top-section elementor-element elementor-element-9f616b4 elementor-section-boxed elementor-section-height-default elementor-section-height-default\" data-id=\"9f616b4\" data-element_type=\"section\" data-e-type=\"section\">\n\t\t\t\t\t\t<div class=\"elementor-container elementor-column-gap-default\">\n\t\t\t\t\t<div class=\"elementor-column elementor-col-50 elementor-top-column elementor-element elementor-element-bc15e64\" data-id=\"bc15e64\" data-element_type=\"column\" data-e-type=\"column\">\n\t\t\t<div class=\"elementor-widget-wrap elementor-element-populated\">\n\t\t\t\t\t\t<div class=\"elementor-element elementor-element-adfe7de elementor-widget elementor-widget-heading\" data-id=\"adfe7de\" data-element_type=\"widget\" data-e-type=\"widget\" data-widget_type=\"heading.default\">\n\t\t\t\t<div class=\"elementor-widget-container\">\n\t\t\t\t\t<h2 class=\"elementor-heading-title elementor-size-default\">Pension Pizzeria Taormina<\/h2>\t\t\t\t<\/div>\n\t\t\t\t<\/div>\n\t\t\t\t<div class=\"elementor-element elementor-element-928dd14 elementor-widget__width-initial elementor-widget elementor-widget-text-editor\" data-id=\"928dd14\" data-element_type=\"widget\" data-e-type=\"widget\" data-widget_type=\"text-editor.default\">\n\t\t\t\t<div class=\"elementor-widget-container\">\n\t\t\t\t\t\t\t\t\t<p>Im Herzen von Ro\u00dfhaupten gelegen bietet die Pizzeria Taormina neben leckeren italienischen Spezialit\u00e4ten auch ein paar individuell eingerichtete G\u00e4stezimmer.\u00a0<\/p><p><strong><span style=\"color: #ed424d\">Adresse:<\/span><\/strong><\/p><div class=\"footer-box-company\"><div class=\"b99b6ef58f cb4b7a25d9 b06461926f\"><p>F\u00fcssener Stra\u00dfe 6<br \/>D- 87672 Ro\u00dfhaupten<br \/>Telefonnummer: +(49) 8367 912 050\u00a0<\/p><p>Buchung und weitere Informationen unter https:\/\/www.pension-taormina-forggensee.de\/<\/p><\/div><\/div>\t\t\t\t\t\t\t\t<\/div>\n\t\t\t\t<\/div>\n\t\t\t\t\t<\/div>\n\t\t<\/div>\n\t\t\t\t<div class=\"elementor-column elementor-col-50 elementor-top-column elementor-element elementor-element-a6a751b\" data-id=\"a6a751b\" data-element_type=\"column\" data-e-type=\"column\">\n\t\t\t<div class=\"elementor-widget-wrap elementor-element-populated\">\n\t\t\t\t\t\t<div class=\"elementor-element elementor-element-18bdb18 elementor-widget__width-initial elementor-widget elementor-widget-image\" data-id=\"18bdb18\" data-element_type=\"widget\" data-e-type=\"widget\" data-widget_type=\"image.default\">\n\t\t\t\t<div class=\"elementor-widget-container\">\n\t\t\t\t\t\t\t\t\t\t\t\t\t\t\t<img decoding=\"async\" width=\"800\" height=\"534\" src=\"https:\/\/www.sporting-women.de\/womens-cycling-camp\/wp-content\/uploads\/sites\/16\/2025\/11\/47927739.jpg\" class=\"attachment-large size-large wp-image-35491\" alt=\"\" srcset=\"https:\/\/www.sporting-women.de\/womens-cycling-camp\/wp-content\/uploads\/sites\/16\/2025\/11\/47927739.jpg 1024w, https:\/\/www.sporting-women.de\/womens-cycling-camp\/wp-content\/uploads\/sites\/16\/2025\/11\/47927739-300x200.jpg 300w, https:\/\/www.sporting-women.de\/womens-cycling-camp\/wp-content\/uploads\/sites\/16\/2025\/11\/47927739-768x512.jpg 768w, https:\/\/www.sporting-women.de\/womens-cycling-camp\/wp-content\/uploads\/sites\/16\/2025\/11\/47927739-391x260.jpg 391w, https:\/\/www.sporting-women.de\/womens-cycling-camp\/wp-content\/uploads\/sites\/16\/2025\/11\/47927739-600x400.jpg 600w\" sizes=\"(max-width: 800px) 100vw, 800px\" \/>\t\t\t\t\t\t\t\t\t\t\t\t\t\t\t<\/div>\n\t\t\t\t<\/div>\n\t\t\t\t\t<\/div>\n\t\t<\/div>\n\t\t\t\t\t<\/div>\n\t\t<\/section>\n\t\t\t\t<section class=\"elementor-section elementor-top-section elementor-element elementor-element-fc0cac0 elementor-section-boxed elementor-section-height-default elementor-section-height-default\" data-id=\"fc0cac0\" data-element_type=\"section\" data-e-type=\"section\">\n\t\t\t\t\t\t<div class=\"elementor-container elementor-column-gap-default\">\n\t\t\t\t\t<div class=\"elementor-column elementor-col-100 elementor-top-column elementor-element elementor-element-369e544\" data-id=\"369e544\" data-element_type=\"column\" data-e-type=\"column\">\n\t\t\t<div class=\"elementor-widget-wrap elementor-element-populated\">\n\t\t\t\t\t\t<div class=\"elementor-element elementor-element-3cbebed elementor-widget-divider--view-line elementor-widget elementor-widget-divider\" data-id=\"3cbebed\" data-element_type=\"widget\" data-e-type=\"widget\" data-widget_type=\"divider.default\">\n\t\t\t\t<div class=\"elementor-widget-container\">\n\t\t\t\t\t\t\t<div class=\"elementor-divider\">\n\t\t\t<span class=\"elementor-divider-separator\">\n\t\t\t\t\t\t<\/span>\n\t\t<\/div>\n\t\t\t\t\t\t<\/div>\n\t\t\t\t<\/div>\n\t\t\t\t\t<\/div>\n\t\t<\/div>\n\t\t\t\t\t<\/div>\n\t\t<\/section>\n\t\t\t\t<section class=\"elementor-section elementor-top-section elementor-element elementor-element-2f5e232 elementor-section-boxed elementor-section-height-default elementor-section-height-default\" data-id=\"2f5e232\" data-element_type=\"section\" data-e-type=\"section\">\n\t\t\t\t\t\t<div class=\"elementor-container elementor-column-gap-default\">\n\t\t\t\t\t<div class=\"elementor-column elementor-col-50 elementor-top-column elementor-element elementor-element-65347c3\" data-id=\"65347c3\" data-element_type=\"column\" data-e-type=\"column\">\n\t\t\t<div class=\"elementor-widget-wrap elementor-element-populated\">\n\t\t\t\t\t\t<div class=\"elementor-element elementor-element-3f50b75 elementor-widget elementor-widget-heading\" data-id=\"3f50b75\" data-element_type=\"widget\" data-e-type=\"widget\" data-widget_type=\"heading.default\">\n\t\t\t\t<div class=\"elementor-widget-container\">\n\t\t\t\t\t<h2 class=\"elementor-heading-title elementor-size-default\">Campingplatz Seewang<\/h2>\t\t\t\t<\/div>\n\t\t\t\t<\/div>\n\t\t\t\t<div class=\"elementor-element elementor-element-fa30912 elementor-widget__width-initial elementor-widget elementor-widget-text-editor\" data-id=\"fa30912\" data-element_type=\"widget\" data-e-type=\"widget\" data-widget_type=\"text-editor.default\">\n\t\t\t\t<div class=\"elementor-widget-container\">\n\t\t\t\t\t\t\t\t\t<p>In traumhaft idyllischer Lage liegt der ganzj\u00e4hrig ge\u00f6ffnete Campingplatz Seewang mit allem, was das Camperherz begehrt. Direkt am Forggensee bietet die Anlage neben den Stellpl\u00e4tzen auch ein Blockhaus, ein Appartement und eine gro\u00dfz\u00fcgige Ferienwohnung f\u00fcr die Urlaubsdauer.\u00a0<\/p><p><strong><span style=\"color: #ed424d\">Adresse:<\/span><\/strong><\/p><div class=\"footer-box-company\"><div class=\"b99b6ef58f cb4b7a25d9 b06461926f\"><p>Tiefental 1 <br \/>D-87669 Rieden-Ro\u00dfhaupten am Forggensee<br \/>Telefonnummer: +(49) 8367 406<\/p><\/div><\/div>\t\t\t\t\t\t\t\t<\/div>\n\t\t\t\t<\/div>\n\t\t\t\t\t<\/div>\n\t\t<\/div>\n\t\t\t\t<div class=\"elementor-column elementor-col-50 elementor-top-column elementor-element elementor-element-c559ffc\" data-id=\"c559ffc\" data-element_type=\"column\" data-e-type=\"column\">\n\t\t\t<div class=\"elementor-widget-wrap elementor-element-populated\">\n\t\t\t\t\t\t<div class=\"elementor-element elementor-element-e283516 elementor-widget__width-initial elementor-widget elementor-widget-image\" data-id=\"e283516\" data-element_type=\"widget\" data-e-type=\"widget\" data-widget_type=\"image.default\">\n\t\t\t\t<div class=\"elementor-widget-container\">\n\t\t\t\t\t\t\t\t\t\t\t\t\t\t\t<img loading=\"lazy\" decoding=\"async\" width=\"800\" height=\"450\" src=\"https:\/\/www.sporting-women.de\/womens-cycling-camp\/wp-content\/uploads\/sites\/16\/2025\/11\/p1cas7tegbe3rhnneuj9rk11ic4-1024x576.jpg\" class=\"attachment-large size-large wp-image-35492\" alt=\"\" srcset=\"https:\/\/www.sporting-women.de\/womens-cycling-camp\/wp-content\/uploads\/sites\/16\/2025\/11\/p1cas7tegbe3rhnneuj9rk11ic4-1024x576.jpg 1024w, https:\/\/www.sporting-women.de\/womens-cycling-camp\/wp-content\/uploads\/sites\/16\/2025\/11\/p1cas7tegbe3rhnneuj9rk11ic4-300x169.jpg 300w, https:\/\/www.sporting-women.de\/womens-cycling-camp\/wp-content\/uploads\/sites\/16\/2025\/11\/p1cas7tegbe3rhnneuj9rk11ic4-768x432.jpg 768w, https:\/\/www.sporting-women.de\/womens-cycling-camp\/wp-content\/uploads\/sites\/16\/2025\/11\/p1cas7tegbe3rhnneuj9rk11ic4-1536x864.jpg 1536w, https:\/\/www.sporting-women.de\/womens-cycling-camp\/wp-content\/uploads\/sites\/16\/2025\/11\/p1cas7tegbe3rhnneuj9rk11ic4-600x338.jpg 600w, https:\/\/www.sporting-women.de\/womens-cycling-camp\/wp-content\/uploads\/sites\/16\/2025\/11\/p1cas7tegbe3rhnneuj9rk11ic4.jpg 1920w\" sizes=\"(max-width: 800px) 100vw, 800px\" \/>\t\t\t\t\t\t\t\t\t\t\t\t\t\t\t<\/div>\n\t\t\t\t<\/div>\n\t\t\t\t\t<\/div>\n\t\t<\/div>\n\t\t\t\t\t<\/div>\n\t\t<\/section>\n\t\t\t\t<section class=\"elementor-section elementor-top-section elementor-element elementor-element-0cdea24 elementor-section-boxed elementor-section-height-default elementor-section-height-default\" data-id=\"0cdea24\" data-element_type=\"section\" data-e-type=\"section\">\n\t\t\t\t\t\t<div class=\"elementor-container elementor-column-gap-default\">\n\t\t\t\t\t<div class=\"elementor-column elementor-col-100 elementor-top-column elementor-element elementor-element-1ccc97e\" data-id=\"1ccc97e\" data-element_type=\"column\" data-e-type=\"column\">\n\t\t\t<div class=\"elementor-widget-wrap elementor-element-populated\">\n\t\t\t\t\t\t<div class=\"elementor-element elementor-element-2f0eefc elementor-widget-divider--view-line elementor-widget elementor-widget-divider\" data-id=\"2f0eefc\" data-element_type=\"widget\" data-e-type=\"widget\" data-widget_type=\"divider.default\">\n\t\t\t\t<div class=\"elementor-widget-container\">\n\t\t\t\t\t\t\t<div class=\"elementor-divider\">\n\t\t\t<span class=\"elementor-divider-separator\">\n\t\t\t\t\t\t<\/span>\n\t\t<\/div>\n\t\t\t\t\t\t<\/div>\n\t\t\t\t<\/div>\n\t\t\t\t\t<\/div>\n\t\t<\/div>\n\t\t\t\t\t<\/div>\n\t\t<\/section>\n\t\t\t\t<\/div>\n\t\t","protected":false},"excerpt":{"rendered":"<p>Weitere Unterk\u00fcnfte Solltest du dich f\u00fcr eine Campteilnahme ohne Hotel entscheiden, haben wir hier weitere Empfehlungen in der n\u00e4heren Umgebung des Camps f\u00fcr dich. Boutique Hotel Beim Lipp Das kleine aber feine Boutique Hotel Beim Lipp liegt mit 15 Zimmern im Herzen von Ro\u00dfhaupten. Im familiengef\u00fchrten Hotel erwarten euch regionale und kreative K\u00fcche sowie ein [&hellip;]<\/p>\n","protected":false},"author":7,"featured_media":0,"parent":0,"menu_order":0,"comment_status":"closed","ping_status":"closed","template":"","meta":{"_acf_changed":false,"footnotes":""},"class_list":["post-35486","page","type-page","status-publish","hentry"],"acf":[],"_links":{"self":[{"href":"https:\/\/www.sporting-women.de\/womens-cycling-camp\/wp-json\/wp\/v2\/pages\/35486","targetHints":{"allow":["GET"]}}],"collection":[{"href":"https:\/\/www.sporting-women.de\/womens-cycling-camp\/wp-json\/wp\/v2\/pages"}],"about":[{"href":"https:\/\/www.sporting-women.de\/womens-cycling-camp\/wp-json\/wp\/v2\/types\/page"}],"author":[{"embeddable":true,"href":"https:\/\/www.sporting-women.de\/womens-cycling-camp\/wp-json\/wp\/v2\/users\/7"}],"replies":[{"embeddable":true,"href":"https:\/\/www.sporting-women.de\/womens-cycling-camp\/wp-json\/wp\/v2\/comments?post=35486"}],"version-history":[{"count":0,"href":"https:\/\/www.sporting-women.de\/womens-cycling-camp\/wp-json\/wp\/v2\/pages\/35486\/revisions"}],"wp:attachment":[{"href":"https:\/\/www.sporting-women.de\/womens-cycling-camp\/wp-json\/wp\/v2\/media?parent=35486"}],"curies":[{"name":"wp","href":"https:\/\/api.w.org\/{rel}","templated":true}]}}